ommon divisor of b and v.
1
Let d = -32 + 42. What is the highest common divisor of d and 80?
10
Let n(g) = 4*g**2 - 2*g. Let p be n(2). Suppose 0 = 2*i + u - 116, -15*i - 132 = -17*i + 3*u. Calculate the highest common divisor of p and i.
12
Let v(d) = 7*d**2 + d - 4. Let l be v(3). What is the highest common divisor of 31 and l?
31
Let n(w) = w**2 - 2*w - 18. Let o be n(7). What is the highest common factor of o and 119?
17
Suppose 3*f + 15 = -2*f, -2*x - f = -33. What is the highest common divisor of x and 45?
9
Let b be (-1 - -13) + (-3 + 6 - 6). What is the greatest common divisor of b and 9?
9
Suppose 4*t - 5*d - 256 = 0, -3*t + 2*t + 85 = 4*d. Calculate the greatest common factor of t and 23.
23
Suppose 3*m - 34 = 41. Calculate the highest common divisor of 150 and m.
25
Let t be -2 + 10/4 - 68/(-8). Calculate the greatest common factor of t and 99.
9
Let z = 0 + 2. Let m = -2 + z. Suppose 0*r - 4*r + 112 = m. Calculate the highest common factor of r and 14.
14
Suppose -93*l = -97*l + 592. What is the highest common divisor of l and 37?
37
Suppose -3*l + 197 = -97. Calculate the highest common factor of l and 14.
14
Let u = -8 + 10. Suppose -308 = -4*j - u*a, 4*a - 154 = -6*j + 4*j. What is the greatest common divisor of j and 11?
11
Let w(n) = n**3 + 11*n**2 + 14*n - 14. Let r be w(-7). Calculate the highest common divisor of 12 and r.
12
Let s(d) be the first derivative of -d**4/4 - 2*d**3 - 7*d**2/2 + 2*d - 7. Let a be s(-5). Let b = -96 - -156. What is the greatest common factor of a and b?
12
Let j be (5 - -2) + 0 - 1. Suppose 3*d - 12 = j. Suppose 0 = -2*s - 6, 5*f - 5*s + 0*s - 30 = 0. Calculate the highest common factor of f and d.
3
Let j(u) = -2*u**2 + 0*u**2 - u**3 - u**3. Let a(b) = b**2 + 5*b - 2. Let l be a(-5). Let t be j(l). What is the greatest common divisor of t and 32?
8
Let p = -2 - -6. Let n = 12 - p. Calculate the highest common factor of n and 12.
4
Let q = -6 - -9. Suppose 4*l - 18 = l. Let o be (16/l)/(8/72). Calculate the highest common divisor of q and o.
3
Let g = 1 + 3. Suppose 6*x - 35 = x - 5*w, 2*x = g*w - 16. What is the greatest common divisor of x and 3?
1
Suppose -36 = -2*m + 34. Calculate the greatest common factor of 7 and m.
7
Let g be 11 + (-3 - -3) + 1. What is the highest common factor of 96 and g?
12
Let z(b) = -b - 7. Let f be z(-8). Let o = -9 + 10. What is the highest common divisor of f and o?
1
Suppose -f + 6*f - 15 = 0. Calculate the greatest common factor of f and 1.
1
Suppose 5*c = b - 4*b + 45, 38 = 3*c + 4*b. Let t = c + 5. What is the greatest common divisor of 11 and t?
11
Let i be 4 + 74 + 2 + -3. What is the greatest common divisor of 11 and i?
11
Suppose 5*r + 110 = 770. Calculate the highest common divisor of 12 and r.
12
Let x be (10/(-3))/((-1)/6). What is the greatest common factor of x and 4?
4
Suppose 22 - 177 = d + c, -5*d - 799 = -3*c. Let z = -62 - d. Let f(q) = q**2 - 10*q - 12. Let b be f(12). What is the greatest common factor of b and z?
12
Let v(o) = -7*o + 14. Let m be v(-7). What is the greatest common factor of m and 7?
7
Let o(l) = -l**3 + 8*l**2 + 11*l - 4. Let c be o(9). Calculate the highest common factor of c and 112.
14
Let b(v) = 0*v**3 - 2*v + v + v**2 + 3*v**2 + v**3. Let o be b(-3). Suppose s + 96 = x - 3*s, -2*x + 180 = -4*s. What is the greatest common factor of o and x?
12
Suppose 5*w - 2 = -5*y + 28, -10 = -3*w + y. Suppose v + 0*v - 11 = 0. Suppose 5*u = 149 + v. Calculate the highest common divisor of u and w.
4
Let u be (1 + 0)/((-2)/20). Let a = u - -22. What is the highest common divisor of a and 12?
12
Let u be 14/77 + 350/11. What is the greatest common factor of u and 80?
16
Let s(k) = k**2 + 8*k + 2. Let m be s(-8). Suppose -m*l = -0*l - 20. Calculate the highest common divisor of 90 and l.
10
Let s be (3 + -7)/4*-115. Suppose 5 + 1 = 4*d - 2*q, -4 = -4*q. Suppose 0 = t + 4*u - 6 - 38, d*t - s = u. What is the highest common factor of t and 8?
8
Let c(z) = 2*z**2 - 5*z - 6. Let j be c(-3). Let t be (-1 - 0)/1 + 10. What is the highest common divisor of j and t?
9
Let t be (-4 + -1)/((-9)/(-45)). Let o = t + 37. What is the greatest common factor of o and 60?
12
Let v be 1/(-2) - 22/(-4). Let g = v + 3. Let i = -6 - -8. Calculate the highest common factor of i and g.
2
Let m be (-2 + 14/4)*-10. Let j(i) = i + 4. Let a be j(-4). Let g = a - m. What is the greatest common divisor of g and 6?
3
Suppose -2*a = -f - 770, a = 6*a + 3*f - 1925. Calculate the greatest common divisor of a and 35.
35
Let b(d) = 3*d**2 + 2*d - 4. Let t be b(3). Let m = 40 - t. Let c be 33*(-1 + 16/6). Calculate the highest common factor of c and m.
11
Let h be -9 - (-1 - -208)*-1. Let z be -6*22/12*-2. What is the greatest common divisor of z and h?
22
Let j(m) = 4*m - 1. Let c be j(1). Suppose c*d + 2*k - 46 = 126, 232 = 4*d + 2*k. Calculate the highest common factor of 15 and d.
15
Suppose 2*h = 5*r - 362, r + 3*h - 31 - 38 = 0. Let s be (-1360)/(-75) + (-8)/60. What is the greatest common divisor of s and r?
18
Let c be (3/(-6))/(2/(-48)). What is the highest common factor of c and 48?
12
Suppose 7 = d - 4. Suppose 3*h - 164 = -o, -2*h + 45 + 62 = 3*o. What is the greatest common divisor of d and h?
11
Let q = 9 - 7. Suppose 0 = -3*b - 0*y - 4*y + 20, q*y - 20 = -4*b. Calculate the highest common factor of 20 and b.
4
Let o(c) = c + 99. Let n be o(0). Let y(a) = a**3 - 9*a**2 - 10*a + 11. Let f be y(10). Calculate the highest common factor of n and f.
11
Suppose 2*b + b = 4*t + 29, -2*b = 2*t + 4. Suppose b*z = -5*v - 0*z + 30, z = -5*v + 20. Calculate the greatest common factor of v and 3.
3
Let c = 55 - 47. What is the greatest common divisor of c and 2?
2
Suppose -p = 41 + 97. Let f = 238 + p. Calculate the greatest common divisor of 20 and f.
20
Let t = 183 + -102. Calculate the highest common factor of 9 and t.
9
Suppose 0 = -5*i + 4 + 26. What is the highest common factor of 24 and i?
6
Let j be (-12)/66 + 222/11. What is the greatest common divisor of 10 and j?
10
Let i = 7 - 1. What is the highest common factor of 9 and i?
3
Suppose -k = -t - 3, 3*k - k - 3*t = 1. Let n(y) = -y**2 + 7*y - 4. Let v be n(6). Let j be (-144)/3*v/(-4). What is the highest common divisor of k and j?
8
Let l be 84 - (0/(-1) + 0). Let v be (l/(-16))/((-2)/8). What is the highest common divisor of 3 and v?
3
Suppose 3*n + 2 = -1. Let p be 20/(-16)*(13 + n). Let c be (p + 0)*(-4 - 1). Calculate the greatest common factor of 30 and c.
15
Let y = -7 + -9. Let a = 2 - y. Let s = 14 + -12. Calculate the greatest common divisor of a and s.
2
Suppose 0 = -2*t - 3*t + 2*j + 35, -15 = 2*t + 5*j. Suppose 77 = 3*z + t. Suppose -24 - 276 = -5*g. Calculate the highest common factor of g and z.
12
Let i(z) = 3*z**2 + z. Let u be i(1). Let x be ((-120)/14)/(6/(-28)). What is the highest common divisor of u and x?
4
Suppose 3*z + 2*z = -55. Suppose 3*l - 144 = -m, -2*m - 3*l + 732 = 3*m. Let j = m + z. Calculate the greatest common divisor of 17 and j.
17
Let o = -21 + 36. Let z be -3 - (-1 - o/3). Suppose 4*h + 37 = 5*i, h = -z*i - h + 9. What is the greatest common factor of 5 and i?
5
Let a(o) = o + 83. Let z be a(0). Suppose z + 93 = 4*s. Let h(l) = l + 3. Let m be h(1). Calculate the highest common divisor of s and m.
4
Suppose 2*c + c + 4*p - 4 = 0, 2*p = -2*c + 4. What is the greatest common divisor of 4 and c?
4
Suppose -y + 0 = -8. Suppose -4*i + 1 = -2*f - 3, 0 = 3*f + 2*i - 2. Suppose 0 = -t - f*t + y. Calculate the greatest common factor of 1 and t.
1
Suppose l - 26 = -0*r - 3*r, -5*r + 62 = -3*l. Calculate the highest common divisor of r and 80.
10
Let a(s) = 0 + 5 + s**2 - 6*s - s. Suppose 0 = -0*v + 4*v - 32. Let w be a(v). Calculate the highest common divisor of 13 and w.
13
Suppose 4*n - o = -n + 39, 19 = 3*n - 5*o. Calculate the highest common factor of n and 8.
8
Suppose -5*q = -k + 98 - 22, -5*k = -5. Let p = 75 + q. Calculate the greatest common divisor of 10 and p.
10
Let y(z) = -z**3 + 4*z**2 + 7*z - 7. Let w be y(5). Let j be (-2)/w + (-1002)/(-18). Calculate the highest common factor of 5 and j.
5
Let x(g) = g**3 + 7*g**2 + 2. Let r be x(-7). Suppose -4*k + 16 = -2*n - r*n, 5*k - 20 = n. What is the greatest common divisor of k and 36?
4
Let d(y) = -y**2 + 9*y - 8. Le